5*j + 8510. What is the greatest common divisor of j and 14?
7
Let o = -192 - -198. Suppose -10*x = -o*x - 448. Suppose -4*c = -16 - 16. Calculate the greatest common factor of x and c.
8
Suppose 0 = a - 3*c - 988 - 1376, -4*a - c + 9508 = 0. What is the highest common divisor of 48 and a?
24
Let w be -4*(4 + (-23)/2). Suppose 32*d - 816 = w*d. What is the highest common factor of d and 24?
24
Let s be ((-3490)/(-50) - -1)*(-20)/(-6). Let r = -234 + s. Let h = -43 - -65. What is the greatest common factor of h and r?
2
Let v be 396/(-39) - (4 - (-216)/(-52)). Let y be (-4 - -7) + v - -1589. What is the highest common factor of y and 14?
14
Suppose -4*t + 0*t = -4*d - 4, -3*d = 4*t - 32. Let v = -3 + t. Suppose -2*m - 5 = -i - 2*i, -v*i + 2 = -2*m. What is the highest common factor of 1 and m?
1
Suppose 0 = 8*y + 3 - 27. Calculate the highest common divisor of 69 and y.
3
Suppose -3*b = s - 307, -4*b = -3*b + 4*s - 106. Suppose -4*v + 28 = -r + 2*r, 5*r = -v + b. What is the greatest common factor of r and 180?
20
Let c(u) = -99*u. Let q(o) = -14*o + 96. Let g be q(7). Let p be c(g). What is the highest common factor of p and 22?
22
Let p be 7038/119 + (3 - (-105)/(-49)). What is the greatest common divisor of p and 380?
20
Let p = -228 - -129. Let l = p - -109. Let w be ((375/l)/(-5))/(9/(-12)). What is the highest common divisor of w and 50?
10
Let b(k) be the third derivative of -5*k**4/8 - 53*k**3/3 + 5*k**2 + 26. Let c be b(-13). What is the highest common factor of 445 and c?
89
Let y = 153 + -102. Let s be ((-312)/(-195))/(1 + 84/(-85)). Calculate the greatest common factor of s and y.
17
Let o be ((-1876)/(-24))/7 + 3/(-18). Suppose -o*d = -92 + 4. Suppose 4*c + 74 - 298 = 0. Calculate the highest common factor of d and c.
8
Let m(z) = -184*z - 65. Let c be m(-1). Calculate the greatest common factor of 1887 and c.
17
Let l = 348 - 352. Let t be -2 - l/4*(675 - 2). Calculate the highest common factor of 61 and t.
61
Suppose 1412 = -3*d - 2*l, 2*l - 274 - 654 = 2*d. Let m = 672 + d. What is the greatest common factor of 51 and m?
51
Suppose -2 = -v, 151*v - 146*v - 20920 = -2*r. What is the highest common divisor of 765 and r?
255
Let q = 5478 + -5076. What is the highest common divisor of q and 24?
6
Let u be ((-7832)/623)/(4/(-518)). What is the greatest common factor of u and 132?
44
Suppose -21*v - 25 = -193. Suppose -d + 24 = 2*m, 5*d - v*m + 10*m = 80. Calculate the highest common factor of 301 and d.
7
Suppose 0 = -2*i + 7*i - 480. Let s be 11 - (1/(-3) + 3124/(-33)). Let o = s - i. What is the highest common divisor of o and 25?
5
Let d = -2486 - -9776. What is the greatest common factor of 90 and d?
90
Let z = 7 - -18. Let m = 53 - z. Calculate the highest common factor of 44 and m.
4
Let c be (-2)/((-2)/(-4)*44/(-209)). Let t = 81 - 80. What is the greatest common factor of t and c?
1
Let v = 6339 - 6326. Calculate the highest common factor of v and 6487.
13
Let t(i) = -3*i**3 - i - 16. Let j be t(-4). Suppose 0 = 13*x - 19*x + j. What is the highest common factor of 210 and x?
30
Suppose -c - 88 = 2*f + 2*c, -c = 0. Let o = 44 + f. Suppose 5*t - 2*j - 313 = o, -13 - 118 = -2*t - 5*j. Calculate the highest common divisor of t and 7.
7
Let g be ((-16)/(-10))/((-163)/(-2445)). What is the highest common factor of 3912 and g?
24
Let c be (-2 - 26) + (-3 - -9). Let p be 3 + (-12)/3 - -35. Let r = c + p. What is the greatest common divisor of 108 and r?
12
Suppose 183*g + 557975 = 3547280. Calculate the greatest common divisor of 135 and g.
135
Let o = 9 - 5. Suppose -4*s + 48 = o*t, -4*s = -0*t - t - 33. Let x be (-5208)/3255 - (-1779)/15. What is the greatest common divisor of s and x?
9
Let w be ((-102)/7)/((12/14)/(-3)). What is the greatest common divisor of w and 2091?
51
Suppose 14*a + 22*a = 15876. Calculate the highest common factor of 35 and a.
7
Let o(d) = 54 - 8*d + 7*d**2 - 20 - 30. Let m be o(6). What is the greatest common factor of m and 32?
16
Let t(n) = -16*n - 91. Let y = 173 - 179. Let l be t(y). Suppose -4*d - 2*h + 250 = 0, 5*d - 330 = -3*h + 4*h. What is the greatest common divisor of l and d?
5
Suppose 16*s - 836 - 32 = 732. Calculate the greatest common factor of 880 and s.
20
Let a be ((-6)/10 - -1)/(18/1440). Let l be (6 - 6)/2*(-2)/(-6). Suppose l = 88*h - 90*h + 32. What is the highest common factor of h and a?
16
Suppose 5*d + 8*k - 53 = 4*k, -3*k - 39 = -5*d. Suppose -13*i + d*i = -132. Suppose -34*r = -i*r - 160. What is the greatest common divisor of r and 20?
20
Let w(p) = 5*p**2 + 11*p - 19. Let o be w(2). What is the greatest common factor of 4393 and o?
23
Let m = -28376 + 28650. What is the greatest common factor of 3973 and m?
137
Suppose -1308 = -5*l - 4*z, 5*l + 3*z + 446 = 1752. What is the greatest common divisor of l and 9685?
65
Let l = -7 + -18. Let r(o) = o**3 + 35*o**2 - 71*o + 157. Let m be r(-37). Let d = l + m. What is the highest common divisor of d and 14?
7
Let y(v) = -2*v**3 + 126*v**2 - 126*v + 137. Let u be y(62). What is the highest common divisor of 832 and u?
13
Suppose 0 = 3*m + 5*g - 67, 8 + 5 = m - 3*g. Suppose 7*x + m = 82. Let n be (-3)/x*90/(-2). Calculate the highest common factor of n and 30.
15
Suppose 575*o + n + 41 = 579*o, -8*o - 5*n + 103 = 0. Calculate the greatest common factor of 56309 and o.
11
Suppose -3*d - 65*r + 61*r + 155 = 0, -4*d + 198 = r. What is the greatest common factor of 63 and d?
7
Suppose -2*w - 2*w = 2*n - 150, -3 = n. Let b be 12/18*w - -4. Calculate the greatest common factor of b and 12.
6
Suppose -8*r + 7*r = -2*v, -2*r + 12 = 2*v. Suppose 5*s - t - 5635 = v*t, 5670 = 5*s + 4*t. Calculate the highest common factor of s and 10.
10
Let j = 34 - -32. Suppose 46 = 4*p + 2*o, -3*p - 4*o - 9 = -56. What is the highest common factor of j and p?
3
Suppose 30 = 4*z - 2, 4173 = 5*y + z. What is the highest common divisor of 986 and y?
17
Let c = -216 - -224. Let w(l) = -15*l + 164. Let k be w(c). What is the highest common factor of 110 and k?
22
Suppose -2*g + 3*r = -11, -3*g + 5*r - 8*r + 54 = 0. Let b(f) = -f**3 - f**2 - f. Let o = 9 - 13. Let y be b(o). What is the greatest common factor of y and g?
13
Let w(g) = -32*g**2 + 96*g + 7. Let t be w(3). What is the greatest common factor of t and 5873?
7
Let n = -3574 - -5227. What is the greatest common divisor of n and 171?
57
Suppose -1009 = -187*m - 220*m + 212. What is the greatest common factor of 768 and m?
3
Let p = -10 + 28. Let i(m) be the first derivative of m**4/4 + 5*m**3/3 - 5*m**2 - 15*m + 108. Let n be i(-6). Calculate the highest common divisor of n and p.
9
Suppose -2265 = -3*m - 0*m + 3*o, 6*m - 5*o = 4531. Suppose -259*t + 265*t - m = 0. What is the highest common factor of 14 and t?
14
Suppose -4*y + 32 = m - 2*y, -5*m + 105 = -y. Suppose -3*t + l = -4*t + m, -t + 5*l + 10 = 0. Let k = t + -2. Calculate the highest common divisor of k and 6.
6
Suppose 28*i = 23*i + 25. Let x = 162 + -37. Suppose -i*z + 5*l = -x, 3*z - 99 = -0*z - 5*l. What is the highest common divisor of z and 42?
14
Let i(t) = 366*t**3 + 2*t**2 - 3*t - 2. Let c be i(1). What is the highest common divisor of 12 and c?
3
Suppose -10983 = -3*o - 0*s - 5*s, -4*o + 14667 = -s. Calculate the greatest common divisor of o and 117.
39
Suppose -102 = -25*o + 21*o - 3*v, -8 = -4*v. Suppose 0 = -4*p - 3*m - 1, -6 = -p - 5*m - 19. Calculate the highest common factor of o and p.
2
Suppose -4*n = -3*y + 131, y - 5*n = -10 + 39. Let h(i) = -i**2 + 1. Let u be h(-1). Suppose f - 28 - y = u. Calculate the highest common divisor of f and 11.
11
Let i(m) = -m**3 - 47*m**2 - 76*m - 30. Let j be i(-45). Let y = 1318 + j. Calculate the highest common divisor of y and 28.
14
Suppose n + c = 2*n, 3*n - c = 8. Suppose -3*q = 3*p - 171, n*q = -55*p + 52*p + 231. What is the highest common factor of 660 and q?
60
Let y(u) be the first derivative of -21*u**2 + 52*u - 149. Let o be y(1). What is the highest common factor of 45 and o?
5
Suppose 0 = -2*q + 3*x + 129, 245*x - 241*x + 268 = 4*q. Suppose -t + 222 = 54. What is the greatest common factor of q and t?
24
Let x(y) = 82*y - 2103. Let p be x(26). Calculate the greatest common divisor of 1421 and p.
29
Suppose 37*r = -19 + 204. Suppose 5*u + 3*i - 85 = 0, 58*u - 53*u = -r*i + 9